culate the greatest common factor of 169 and 3508726.
13
What is the highest common factor of 43 and 53234989?
43
What is the highest common factor of 95011 and 83006?
343
What is the highest common divisor of 6507 and 166476534?
723
Calculate the greatest common divisor of 21423 and 5569787.
193
Calculate the highest common divisor of 5967 and 2856503.
13
Calculate the highest common factor of 16436 and 14604560.
2348
Calculate the greatest common divisor of 176 and 13259648.
16
What is the greatest common divisor of 24 and 31475208?
24
What is the greatest common factor of 331620 and 2380?
20
Calculate the highest common divisor of 1188 and 25729902.
198
What is the greatest common divisor of 700480 and 902?
22
What is the highest common factor of 24012 and 14890752?
828
Calculate the highest common factor of 85504213 and 6383.
491
What is the greatest common factor of 114248 and 104?
8
What is the highest common divisor of 116 and 1123852?
4
What is the highest common divisor of 2494 and 337034?
86
Calculate the greatest common divisor of 4 and 5707064.
4
What is the greatest common factor of 3139 and 4716455?
43
What is the highest common factor of 40257 and 2170896?
1491
What is the highest common divisor of 1706847 and 222?
111
Calculate the highest common divisor of 42328 and 305324.
148
Calculate the greatest common divisor of 100557809 and 30852.
857
What is the highest common divisor of 4899993 and 61775?
2471
What is the highest common divisor of 96981 and 219?
3
Calculate the highest common divisor of 882935040 and 6921.
2307
What is the highest common factor of 32901620 and 25?
5
Calculate the greatest common factor of 194415 and 6780597.
2991
What is the greatest common factor of 99645741 and 1814?
907
Calculate the greatest common factor of 396473 and 33649.
1463
What is the greatest common divisor of 23839 and 1480325?
769
What is the greatest common factor of 2864 and 16057016?
1432
What is the highest common divisor of 53148 and 616764?
1236
Calculate the highest common factor of 3822607 and 14644.
523
What is the greatest common divisor of 292800 and 22936?
488
Calculate the highest common divisor of 388440 and 516924.
2988
What is the greatest common divisor of 823 and 3000244854?
823
Calculate the greatest common factor of 119400 and 11276136.
4776
Calculate the highest common divisor of 675 and 32661360.
135
Calculate the highest common divisor of 15970218 and 2838.
66
Calculate the highest common divisor of 3675809842 and 19718.
19718
What is the greatest common divisor of 102654 and 2556?
18
Calculate the highest common factor of 1010322 and 7272.
18
What is the highest common factor of 1222 and 43418882?
1222
What is the highest common divisor of 23488 and 2528576?
64
Calculate the greatest common divisor of 2972 and 13573867.
743
What is the highest common factor of 145682 and 47380?
46
What is the greatest common divisor of 1127 and 12822109?
23
What is the greatest common factor of 3760983 and 36?
9
What is the highest common factor of 19793088 and 25956?
252
Calculate the greatest common divisor of 1 and 424609.
1
What is the greatest common factor of 544 and 16029912?
136
Calculate the greatest common factor of 1136510 and 13630.
290
Calculate the greatest common factor of 34 and 1920955222.
34
Calculate the greatest common divisor of 543456 and 120096.
864
What is the greatest common divisor of 217 and 1014867?
7
Calculate the greatest common factor of 138385080 and 3240.
360
What is the greatest common divisor of 39766245 and 15?
15
What is the highest common divisor of 4156412 and 128844?
4772
Calculate the highest common factor of 50 and 12203630.
10
Calculate the highest common divisor of 129360750 and 3000.
750
Calculate the highest common divisor of 20119165 and 219.
73
Calculate the greatest common divisor of 33760 and 118920.
40
What is the greatest common divisor of 10480304 and 2064?
688
Calculate the highest common divisor of 4510 and 21676700.
410
What is the highest common divisor of 914 and 11500862?
914
What is the highest common factor of 3769056994 and 3149?
3149
Calculate the greatest common divisor of 228 and 7656316.
76
Calculate the highest common factor of 26 and 8556197.
13
Calculate the greatest common divisor of 408 and 27799998.
102
What is the greatest common divisor of 48753900 and 50?
50
What is the greatest common divisor of 266880904 and 16?
8
What is the highest common divisor of 378451415 and 2885?
2885
Calculate the highest common divisor of 21 and 9863877.
3
What is the highest common divisor of 12509189 and 77?
77
Calculate the greatest common factor of 11096 and 9970632.
584
Calculate the greatest common factor of 108320 and 7083451.
677
Calculate the greatest common divisor of 17598060 and 1665.
45
Calculate the highest common factor of 5 and 84254775.
5
Calculate the greatest common factor of 118848921 and 3774.
1887
What is the greatest common divisor of 52514850 and 120?
30
What is the highest common divisor of 58719 and 28712?
37
Calculate the highest common factor of 1005907 and 1377.
17
Calculate the greatest common factor of 767107 and 1991.
11
Calculate the highest common factor of 235794 and 652782.
78
What is the highest common divisor of 1702 and 1275166?
46
What is the highest common factor of 11565 and 12079?
257
Calculate the highest common factor of 329 and 4284473.
47
What is the greatest common divisor of 20570794 and 1860?
62
What is the highest common divisor of 668430 and 391230?
630
What is the greatest common factor of 55917510 and 1287?
33
What is the greatest common divisor of 145 and 62778185?
145
Calculate the greatest common factor of 3460 and 148349230.
1730
Calculate the highest common factor of 33378109 and 2276.
569
Calculate the highest common divisor of 150908336 and 3616.
1808
Calculate the greatest common factor of 1434433 and 11297.
143
What is the greatest common factor of 210652 and 12844?
52
What is the greatest common divisor of 381 and 204947139?
381
Calculate the highest common divisor of 3632721 and 80775.
1077
Calculate the greatest common divisor of 2624878 and 1696.
106
Calculate the greatest common factor of 270748 and 187241.
113
What is the highest common factor of 660700110 and 1710?
570
What is the greatest common divisor of 11718915 and 7410?
3705
Calculate the highest common factor of 5407104 and 640.
128
What is the highest common factor of 156097 and 869202?
1123
What is the greatest common factor of 85367634 and 66?
66
What is the highest common factor of 167 and 90401?
1
What is the greatest common divisor of 23786 and 34412?
14
Calculate the greatest common divisor of 8470761 and 1599.
39
What is the highest common factor of 279 and 5774607?
9
What is the greatest common factor of 2541 and 54033?
21
What is the highest common divisor of 26446 and 34944?
14
Calculate the greatest common factor of 215468 and 20119.
649
Calculate the highest common factor of 104543010 and 11440.
1430
What is the greatest common divisor of 130656 and 648?
24
What is the greatest common factor of 6 and 2430186?
6
Calculate the highest common factor of 16 and 54780944.
16
Calculate the greatest common divisor of 86 and 6107935.
43
What is the highest common divisor of 1089634 and 5544?
14
What is the highest common divisor of 33711 and 47893416?
1983
Calculate the greatest common divisor of 2775120 and 53320.
1240
Calculate the greatest common divisor of 1747322384 and 8816.
8816
What is the highest common factor of 9152388 and 441?
63
Calculate the greatest common factor of 8591 and 85346899.
781
Calculate the greatest common factor of 368 and 1025708.
92
What is the greatest common factor of 119011 and 18230144?
1951
Calculate the highest common factor of 156626602 and 2.
2
Calculate the highest common divisor of 1704276 and 4788.
252
What is the highest common divisor of 12856 and 1556?
4
Calculate the greatest common factor of 120031 and 176726.
29
What is the highest common factor of 99862686 and 2310?
462
What is the highest common divisor of 6119 and 6177?
29
Calculate the greatest common divisor of 788456 and 134.
134
Calculate the greatest common factor of 2590 and 10147620.
2590
Calculate the highest common divisor of 2794926 